et p be j(-1). Suppose p*y + 70 = -y. List the prime factors of z(y).
3, 5
Suppose 552 = -4*f + 5*g + 3947, -5*f + 5*g + 4250 = 0. List the prime factors of f.
3, 5, 19
Let a be 24*2*(-2)/8. Let l = a + 59. List the prime factors of l.
47
Let u = 1837 - -140. What are the prime factors of u?
3, 659
Suppose -2*j + 1 + 7 = 0. Suppose 0 = j*m + 8, -2*h + 2*m = -7*h - 324. Let g = -10 - h. List the prime factors of g.
2, 3
Let j = 138 - -49. What are the prime factors of j?
11, 17
Suppose 13*s - 8*s - i - 10523 = 0, 0 = -s + 4*i + 2097. List the prime factors of s.
5, 421
Let t(c) = -11*c + 0 + 16*c**2 + 5 - 21*c**2 - c**3. List the prime factors of t(-5).
2, 3, 5
Let k(c) = -c**3 - 12*c**2 + 21*c**2 + 11 + 0*c**3 - 9*c. Let m be k(8). What are the prime factors of m/(-2) - 279/(-6)?
3, 5
Suppose -4*u + 14 = 3*w, -3*w = 5*u - 9 - 7. Suppose -w*s + 7*s - 58 = -q, -2*q - 4*s = -86. What are the prime factors of q?
3, 11
Suppose 0 = 3*y + 6, -c + 3*y - 174 = 3*c. Let z(b) = 2*b**3 + 6*b**2 - 8*b - 3. Let d be z(-5). Let f = c - d. List the prime factors of f.
2, 3
Let u(a) be the first derivative of 5*a**2/2 - 35*a - 7. List the prime factors of u(14).
5, 7
Suppose -6*r = -5*r. Suppose r = -8*u + 6*u. Suppose 23*t - 27*t + 8 = u. What are the prime factors of t?
2
Suppose 0 = -4*i + 10 + 10. Suppose i*y - 3 = 82. List the prime factors of y.
17
Suppose -42*d + 38*d - 114 = -5*y, -3*y = -4*d - 62. What are the prime factors of y?
2, 13
Let z(c) = 14*c**3 - 13*c**2 - 22*c + 5. What are the prime factors of z(5)?
2, 3, 5, 11
Let x = -88 + 94. What are the prime factors of (2 - -260) + x/2?
5, 53
Let r be (-2)/(579/144 + -4). Let y = r - -199. What are the prime factors of y?
103
Suppose 5*t - 15 = 4*t. Suppose h - t*h = -1666. List the prime factors of h.
7, 17
Let t(f) = -11*f**3 - 10*f**2 - 7*f + 2. Let d be t(-6). List the prime factors of d/50 - 1/5.
41
Let y be 1 - -164 - 15/(-5). Suppose 3*p = 114 + y. Let j = p + -42. What are the prime factors of j?
2, 13
Let k = 38 - 33. Suppose -q - 264 = -5*q - 4*p, -3*q = -k*p - 190. What are the prime factors of q?
5, 13
Let g = 995 - 514. List the prime factors of g.
13, 37
Suppose -203*j - 2*h = -206*j + 2031, 0 = -3*j - 4*h + 2031. List the prime factors of j.
677
Let n(c) = 40*c**2 - 12*c - 16. List the prime factors of n(4).
2, 3
Let b be 0/(-2) - (-5 - -2). Suppose -41 - 90 = -b*g - 5*p, 0 = p - 1. Let f = -22 + g. What are the prime factors of f?
2, 5
Suppose -7*d + 6*d + 77 = w, -d + 77 = -4*w. Let i = 184 - d. List the prime factors of i.
107
Suppose -5*p = a - 1, 5 = -p - 4*p. Let w(l) = -3*l + a*l + 13 - 3*l + l. What are the prime factors of w(-6)?
7
Let v be 1506/12 + 1/(-2). Suppose 4*f - 7*f = -5*o - v, 3*f - 145 = -5*o. Suppose i = f - 12. List the prime factors of i.
3, 11
Let z = -597 - -600. Suppose 5*s = -0*s + 200. Suppose -z*l + 104 = -y - 8, y - s = -l. What are the prime factors of l?
2, 19
Let k(h) = 23*h + 100 + 86 + h**2 - 139. List the prime factors of k(-21).
5
Suppose 0 = d, -3*d + 8376 = 80*z - 76*z. List the prime factors of z.
2, 3, 349
Suppose 1254 = 3*u - 3*f, -5*u + 0*f + 2080 = -3*f. What are the prime factors of u?
7, 59
List the prime factors of (41 - 36) + (-440)/(-2).
3, 5
Suppose -l + 215 = -230. List the prime factors of l.
5, 89
Let i(m) be the third derivative of 12*m**3 + 13*m**2 + 0 - 1/24*m**4 + 1/60*m**5 + 0*m. What are the prime factors of i(0)?
2, 3
Suppose -288 = -95*t + 93*t. Let l = -87 + t. What are the prime factors of l?
3, 19
What are the prime factors of ((-18)/10)/(168/(-93800))?
3, 5, 67
Let a be (6/24)/(1/16). Suppose 0 = -a*k + 27 + 49. What are the prime factors of k?
19
Let s(u) = 7*u**2 - 9*u - 18. Let i(q) = q**2 - 3*q - 5. Let b be i(3). List the prime factors of s(b).
2, 101
Let d(y) = y**3 - 7*y**2 + 5. Let o be d(7). Suppose -3*r - 383 - 97 = -3*p, r = o. Let k = p - 95. What are the prime factors of k?
2, 5, 7
Suppose -3*q - 3 = 0, y + 2*y = -4*q + 6176. What are the prime factors of y?
2, 5, 103
Suppose -3874 = -7*c + 466. List the prime factors of c.
2, 5, 31
Suppose -8*t = -5429 - 1315. What are the prime factors of t?
3, 281
Let x = -281 + 174. Let y = 181 + x. List the prime factors of y.
2, 37
Suppose 300 = 5*v - 4*r, 0*v - 5*v = -r - 300. Suppose 4*y + 4 = v. Suppose 0 = 4*k - y - 46. List the prime factors of k.
3, 5
Suppose 5*o - o - 248 = 0. Let r = o + -43. List the prime factors of r.
19
Let o be (0 - 562/4) + (-45)/30. Let b = o - -257. List the prime factors of b.
5, 23
Let z = -67 + 129. Suppose -r + 3*g = -z, r + r + 2*g = 84. List the prime factors of r.
47
Let x be 162 - ((-8)/20)/((-1)/5). Suppose -3*j = -4*f + x, 3*f = 4*f - 2*j - 45. What are the prime factors of f?
37
Let w = 191 + 440. List the prime factors of w.
631
Let z = 39 + -46. List the prime factors of -2 - 528/(-14) - 2/z.
2, 3
Suppose -5*l + 17 = -63. Let g = -21 + l. What are the prime factors of 1*g*(2 - 4)?
2, 5
Let a be (-432)/(-44) + 2/11. Let o(w) = -w**3 + 9*w**2 + 12*w + 2. What are the prime factors of o(a)?
2, 11
Let i(y) = 19*y**2 - 108*y + 22. What are the prime factors of i(7)?
197
Let l(v) = 29*v - 36. List the prime factors of l(17).
457
Suppose -233*m - 564 = -237*m. List the prime factors of m.
3, 47
Suppose 0 = 5*q - 4*f - 1833, -3*f - 459 = -4*q + 1007. What are the prime factors of q?
5, 73
Let w be (-5 + 8)*909 + 1. Suppose -9*n = 2*n - w. List the prime factors of n.
2, 31
Suppose 7*r = 6*r, -3*r = -z + 630. List the prime factors of z.
2, 3, 5, 7
Let w = -24 - -13. Let r = 15 + w. Suppose -q = -4*b - 16, r*q + 5*b = 3*q + 34. What are the prime factors of q?
2, 3
What are the prime factors of (-15)/(-25) - (-2314)/10?
2, 29
Suppose -15*r + 17504 = -136. What are the prime factors of r?
2, 3, 7
Suppose 4*r + 5*s = 49 + 60, -4*s + 20 = 0. Let b = r - 15. Suppose -4*w - 38 = -b*w. List the prime factors of w.
19
Let n = -237 + 275. What are the prime factors of n?
2, 19
Let n(v) = 25*v**2 + 6*v + 9. What are the prime factors of n(-5)?
2, 151
Suppose -4*q - 12 = 2*r, 3*q + 6 + 25 = 4*r. Let l be (4/6 + (-452)/3)*-1. Suppose -r*w + y = -y - 138, 5*w - l = -2*y. What are the prime factors of w?
2
Let x(i) = -35 + 0*i - 5*i - 6*i - i. List the prime factors of x(-17).
13
Suppose 0 = 2*t + 2*t - 4*x + 3260, -2*t + 4*x = 1628. Suppose 0 = 3*p - p - 8. What are the prime factors of t/(-27) + p/(-18)?
2, 3, 5
Suppose 2*b + z - 958 = -3*z, -4*b = 5*z - 1928. List the prime factors of b.
487
Suppose 475 = 17*l - 12*l. Let s = -31 + l. List the prime factors of s.
2
Suppose 0 = -c - 5 + 10. Let r be ((-93)/3)/(4 - c). Suppose -r = 2*m - 119. What are the prime factors of m?
2, 11
Suppose 3*w - w = r - 1, 0 = 5*r + 15. Let s(f) = 31*f**2 - 2*f - 3. List the prime factors of s(w).
5
Let f(a) = 3*a**2 - 20*a + 162. List the prime factors of f(14).
2, 5, 47
Let y(r) = 59*r + 2. Let v = -31 + 32. List the prime factors of y(v).
61
Suppose 5*g = 3*n + 90, -5*n - 4*g = -0*n + 150. List the prime factors of (n/25)/((-4)/50).
3, 5
Let h = -224 + 488. List the prime factors of h.
2, 3, 11
Let d be (7/(-21))/(2/(-12)). Let q(f) = -15*f + d - 1 + 13*f. What are the prime factors of q(-11)?
23
Let u(d) = d**2 - 13*d + 3. Let y be u(9). Let b be y/(-1 + (-4)/(-8)). Let f = -10 + b. What are the prime factors of f?
2, 7
Let m(r) = -r**2 - 9*r - 7. Let l be m(-8). Suppose -2*o + 7 = l. Suppose o*a - 181 = -49. What are the prime factors of a?
2, 11
Suppose 210 = 2*y - 2*f + 42, 90 = y - 3*f. Let m = y - -222. List the prime factors of m.
3, 101
Let f = -115 - -500. Suppose 0 = 4*t + a - f, t + a = -a + 98. What are the prime factors of t?
2, 3
Let q be (-37)/(-6) - (14/12 + -1). Let b(z) = z + 12. Let p be b(0). Let c = q + p. List the prime factors of c.
2, 3
Let p(v) = -26*v + 3*v + 6*v - 21 + 2*v. List the prime factors of p(-6).
3, 23
List the prime factors of 8128/(-48)*6/(-4).
2, 127
Let i(y) = 7*y - 25. Let n be i(4). Let p(m) = 5*m**3 - 3*m**2 - 5*m + 4. List the prime factors of p(n).
97
Let i = 220 + -126. List the prime factors of i.
2, 47
What are the prime factors of ((-3505)/15)/((-26)/12 + 2)?
2, 701
Let w(l) be the second derivative of 17*l**3/6 + 5*l**2 - 17*l. List the prime factors of w(3).
61
Let r(z) = -8*z**2 + z - 1. Let w(a) = -8*